 a is divided by 6?
5
Let a(m) = m**2 - 2*m - 2. Let w be a(3). Calculate the remainder when 14 is divided by -10*(-2)/(w + 3).
4
Let c be -10*2/(-4) - -4. Calculate the remainder when 18 + (-2)/((-6)/c) is divided by 8.
5
Suppose -3*z - 7 = -22. What is the remainder when 16 is divided by z?
1
Let m be (-96)/(-15) - (-2)/(-5). Suppose -5*s + 455 = -5*n, 4*s = m*s + n - 194. Suppose s = 5*h - 10. What is the remainder when 40 is divided by h?
19
Suppose -k - 16 = -4*z, 4*k - 5*k + 4 = z. Suppose 38 - 14 = z*g. Let w = -9 - -13. What is the remainder when g is divided by w?
2
Suppose 4*p + 54 - 20 = -5*c, 5*c + 22 = -2*p. Let l be 2/p - 50/(-6). Suppose -5*k - 156 = -l*k. What is the remainder when k is divided by 18?
16
Let k(x) = 3*x - 5. Calculate the remainder when 49 is divided by k(5).
9
Suppose 5*l = 3*n - 66, 3*n + l = -3*l + 66. Suppose -4*u = -75 - 89. Calculate the remainder when u is divided by n.
19
Calculate the remainder when 25 is divided by (2 + (-1)/5)*5.
7
Suppose 53 - 332 = -9*c. What is the remainder when 119 is divided by c?
26
Suppose w = h + 2*w - 49, 4*h - 196 = -w. Calculate the remainder when h is divided by 25.
24
Suppose -2*a + 4*a = 0. Suppose 6*n - n + 4*d - 23 = a, -5*n - d = -32. What is the remainder when 34 is divided by n?
6
Let b = 535 - 366. Suppose 4*t - 23 = b. What is the remainder when t is divided by 17?
14
Let a = 259 - 255. Let l(r) = 2*r - 6. What is the remainder when l(6) is divided by a?
2
Suppose -10*j = -12*j + 18. Calculate the remainder when (2/(-4))/((-4)/192) is divided by j.
6
Let q(w) = -3*w**2 - 2 - 2*w + 7*w + 2*w**2. Suppose 2*b - 3 - 1 = 0. What is the remainder when b is divided by q(4)?
0
Suppose 98 - 36 = 2*i. Let u = 11 + 6. Calculate the remainder when i is divided by u.
14
Let y(d) be the second derivative of -d**4/12 - d**3/6 + 41*d**2/2 - 7*d. Calculate the remainder when y(0) is divided by 22.
19
Suppose -2*m - 8 = -4*m. Suppose -5*j + 2*z - 4*z + 5 = 0, z = -3*j + m. Calculate the remainder when 3 is divided by j.
0
Suppose 122 = 3*v + 50. Suppose -m - g + 2*g + v = 0, -156 = -5*m - 4*g. What is the remainder when m is divided by 10?
8
Suppose 0 = -5*y + 3*y + 132. Calculate the remainder when y is divided by 17.
15
Let q = 1 + 1. What is the remainder when (-2)/9 - 101/(-9) is divided by (q + -2)/1 - -6?
5
Suppose 239 - 65 = 6*v. Calculate the remainder when v is divided by 11.
7
Let m be (2/(-3))/(2/(-9)). Suppose -m*c + 4*t = -15, 2*t + 10 = 2*c + 6*t. What is the remainder when 12 is divided by c?
2
Let g(u) = -2 - 2 + 5 + 4*u**3 - 3*u. Calculate the remainder when (((-21)/(-14))/(-3))/((-2)/316) is divided by g(2).
25
Let c be 6/(-1)*(-5)/10. Let k = c + 0. Calculate the remainder when 11 is divided by k.
2
Let d = -273 - -309. Suppose 1 = y - 9. What is the remainder when d is divided by y?
6
Let w(g) = g**3 - 6*g**2 - 8*g + 7. Let l be w(7). Suppose c + l - 2 = 0. Calculate the remainder when 4 is divided by c.
0
Let y = -38 - -87. Suppose 54 = 2*w + 20. Calculate the remainder when y is divided by w.
15
Let y(t) = -4*t. Let g = -36 - -26. Let u = g - -16. Calculate the remainder when u is divided by y(-1).
2
Let n = -44 - -74. What is the remainder when n is divided by 11?
8
Suppose 2 = -a - 3*v - 3, 0 = 5*a - 3*v - 47. Suppose -76 + 24 = -2*g. Calculate the remainder when g is divided by a.
5
Suppose 48*s - 305 = 43*s. What is the remainder when s is divided by 13?
9
Let a(x) = x**2 + 9*x + 5. Let o be a(-10). Let y = 22 - o. What is the remainder when 18 is divided by y?
4
Suppose r + 15 = 3*z + 1, 5*z - 28 = -3*r. Let l = -11 - -15. Suppose 8*a + 29 = 3*h + l*a, 5*a = h - 28. Calculate the remainder when z is divided by h.
2
Let h(u) be the third derivative of u**5/30 - 5*u**4/24 + u**3/2 - 3*u**2. What is the remainder when h(6) is divided by 23?
22
Suppose 3*h = -56 - 19. Let j = 38 + h. Calculate the remainder when 4/10 - 183/(-5) is divided by j.
11
Suppose 2*x = -p + 111, 3*x + 0*p - 4*p - 150 = 0. What is the remainder when x is divided by 11?
10
Let k(v) = -v**2 - 8*v + 17. Let n(j) = -4*j - 6. What is the remainder when n(-5) is divided by k(-9)?
6
Suppose -2*x - 77 = -3*x. What is the remainder when x is divided by 26?
25
Suppose 4*q + 2*k = 250, 4*q - k - 225 = 2*k. What is the remainder when q is divided by 23?
14
Let z be ((-5)/3)/((-1)/87). Suppose q + q + a = 58, z = 5*q + 5*a. Let f = 692 - 677. What is the remainder when q is divided by f?
14
Let w = 22 + -7. Calculate the remainder when 42 is divided by w.
12
Suppose 3*y = -2*y. Let j(m) = -4*m**2 + 7*m + 10. Let z(q) = q**2 - 2*q - 3. Let u(w) = -2*j(w) - 7*z(w). Calculate the remainder when 2 is divided by u(y).
0
Suppose 19 = 8*f - 7*f. What is the remainder when 567 is divided by f?
16
Suppose 5*m = -5*m + 250. Calculate the remainder when 72 is divided by m.
22
Let m(q) = q**2 - 2*q - 3. Let g be m(3). Suppose 5*k = z - g*z + 2, -4*z + 34 = k. What is the remainder when 38 is divided by z?
6
Let o = -15 + 33. What is the remainder when 51 is divided by o?
15
Suppose -99 = r - 4*r. What is the remainder when r is divided by 9?
6
Let c be 4/(-14) + 316/28. Let h = c + -4. What is the remainder when 20 is divided by h?
6
Let y = 1 + 2. Suppose -4*i - 4*z + 68 = 0, -5 = -i + y*z + 8. What is the remainder when 63 is divided by i?
15
Suppose h = -5*h + 30. What is the remainder when 18 is divided by h?
3
Suppose -5*o = g - 10, 4*o - 27 = -0*o + 3*g. What is the remainder when o is divided by 3?
0
Suppose 0 = 2*j - 3*j - 5. Let g = j + 9. Calculate the remainder when -1*(-10)/4*(-1092)/(-195) is divided by g.
2
Let w(v) = -v**2 - 3*v + 5. Let q be w(-4). What is the remainder when 16 is divided by -1 + 10 - (q - -2)?
4
Suppose 3*q = -4*s + 47, -3*q - q = 4*s - 64. Calculate the remainder when q is divided by 9.
8
Suppose 2*b = -3*k + 55, b + 0*b - 4*k = 33. Let h(y) = 2*y**2 + 2*y - 2. Calculate the remainder when b is divided by h(2).
9
Let x(l) = -l**2 - 9*l + 15. What is the remainder when 95 is divided by x(-6)?
29
Suppose 0 = -2*k + 3*i + 31, -2*i - 18 = -0*k - k. Calculate the remainder when 37 is divided by k.
5
Suppose -40 - 194 = -18*v. What is the remainder when 23 is divided by v?
10
Suppose 157 - 760 = -9*f. Calculate the remainder when f is divided by 23.
21
What is the remainder when 2 + 44 + 1 - -1 is divided by 25?
23
Calculate the remainder when 30 is divided by 16 - (-2 + 1 + -6 + 4).
11
Suppose -4*s = 3 + 13. Let r = s + 9. What is the remainder when (14/r)/(5/25) is divided by 5?
4
Let h(m) = -3*m - 11. What is the remainder when 19 is divided by h(-5)?
3
Let l(y) = -y**2 - 1. Let b(p) = p**3 + 13*p**2 + 9*p + 11. Let q(r) = -b(r) - 6*l(r). Calculate the remainder when q(-7) is divided by 20.
18
Suppose -135 = -g + 5*s, -g + 22 = -3*s - 119. Suppose -4*n = -n - g. Suppose -4*c + n = -2*c. Calculate the remainder when c is divided by 9.
7
Let x = -46 - -67. Let r = -12 + x. Suppose 0 = 3*p - k + 5*k - 67, -3*p = k - 73. Calculate the remainder when p is divided by r.
7
What is the remainder when 89 is divided by 42/56 + -146*1/(-8)?
13
Let s(u) = 0*u**3 + 1 + u**3 + 0*u - 2*u. What is the remainder when s(2) is divided by ((-11)/33)/((-1)/6)?
1
Suppose f = -3*j + 23, -j + 1 = -3. Suppose -235 = -4*x + 29. Let c = -34 + x. Calculate the remainder when c is divided by f.
10
Let b(v) be the third derivative of v**4/8 - 13*v**3/6 - v**2. Calculate the remainder when b(9) is divided by (-75)/(-21) - (-15)/35.
2
Let t = -7 + 17. Suppose 76 = -13*d + 17*d. What is the remainder when d is divided by t?
9
Let i = -2 + 6. Suppose -y = -z - 7, i*y + 1 = -2*z - 7. What is the remainder when 10 is divided by -2 + z/3 + 7?
1
Suppose x - 22 = 3*g + 7, 125 = 4*x - 3*g. Suppose -2*y - 2 = -x. Suppose 0 + 47 = 3*q + h, -y = -q - h. What is the remainder when 30 is divided by q?
14
Let n = -13 + 22. Suppose m = n - 1. Let w = 12 + -7. Calculate the remainder when m is divided by w.
3
Calculate the remainder when 554/22 + 8/(-44) is divided by 9.
7
Suppose -5*j - 2*j + 210 = 0. Calculate the remainder when 56 is divided by j.
26
Let w(a) = a**3 + 7*a**2 + 6*a + 1. Calculate the remainder when w(-6) is divided by 1.
0
Let a = 2 - -4. Calculate the remainder when 216/21 - (-10)/(-35) is divided b